- g**3/3 - 6*g**2. Calculate f(4).
6
Let y(m) = -2*m - 3. Let b be y(-4). Suppose b + 1 = 2*p. Let w(n) = -2*n**2 + 0*n**p + 2*n**2 - 1 + n - n**3. Calculate w(1).
-1
Let q(a) = -a**2 - a + 2. Let f be q(0). Let o(s) = 5 - 4*s + 2*s**f - s**3 + 2*s - 2. Suppose -p + 0*d + 5 = 3*d, 2*p = 2*d + 2. Calculate o(p).
-1
Let d(j) = j**3 + 4*j**2 - 4. Suppose -10 = x - 5*h + 8, -3*h = -12. Let o(i) = -2*i**3 + 4*i**2 - 3*i + 2. Let q be o(x). What is d(q)?
-4
Let l(j) = j**3 - 5*j + 7. Let m(z) = -2*z**3 + 8*z - 11. Let c(g) = 8*l(g) + 5*m(g). What is c(-1)?
3
Let y(g) be the second derivative of 7*g**3/6 - g**2/2 - 2*g. What is y(1)?
6
Let l(y) = -y**3 + y**2 + 2*y - 4. Let u(f) = f**3 - f**2 - 2*f + 3. Let j(c) = 4*l(c) + 5*u(c). Give j(-1).
-1
Let q = 0 - -3. Let n(c) = -c + 0*c + 0*c - 5*c**2 + c**q + 2*c. Give n(5).
5
Let a be 1 - (4/6 - 22/6). Let y(j) = -j**3 + 5*j**2 - 3. Calculate y(a).
13
Let h(g) = -4*g + 0 + 2*g + 2. Let v = -20 + 33. Let n be 1/(-2)*(-9 + v). Calculate h(n).
6
Let x = -7 + 3. Let s be (5/x)/(11/44). Let o(a) be the first derivative of a**3/3 + 3*a**2 + 4*a + 1. Determine o(s).
-1
Suppose -5*l = -w + 1 - 4, w = 4*l - 3. Let r be 2/6 - (-1)/w. Let s(g) = g**2 + g + 14. Give s(r).
14
Let d(u) = -u**3 + 5*u**2 + 6*u - 4. Let l(k) = k**2 - k - 6. Let t be l(-3). What is d(t)?
-4
Suppose -3*t + 0*t + 9 = 0. Let c(m) = -1 + t - 3 - 2*m**2 - 4*m. Suppose 0 = 3*b - r + 5, 5*b - b - 5*r - 8 = 0. What is c(b)?
-7
Let s(h) = 5*h**2. Let a(n) = 2*n + 2 + n - 3. Let i be a(1). Let y = i - 1. What is s(y)?
5
Suppose 4*z = 2*z + 12. Suppose 0 = 4*c - 4*u - 20, -2*c + 3*c - 8 = 2*u. Let o = c - z. Let g(x) = x**3 + 3*x**2 - 3*x - 2. What is g(o)?
-6
Let g(c) be the third derivative of -c**4/24 - 4*c**3/3 + c**2. Let j = -22 + 22. Let x = j + -5. What is g(x)?
-3
Let w = 2 - 0. Suppose 3*d + w = -4. Let i(o) = -1 - 5 + 5 + 2*o**2 + o. Give i(d).
5
Let g = 64 - 62. Let x(i) = i**3 - 3*i**2 + 2*i + 1. Let f be 1*(-1 + 0 + -2). Let u(s) = s**3 - 2*s**2 + s. Let b(v) = f*u(v) + 2*x(v). Calculate b(g).
-4
Let i(f) = -f + 1. Let v be 1/(-5) - 276/20. Let r be v*(1 - 0)/1. Let p = r + 20. Determine i(p).
-5
Suppose -93*s - 16 = -89*s. Let d(a) = -a - 3. Determine d(s).
1
Let w(g) be the second derivative of 0 + 1/3*g**3 - 1/2*g**2 - 2*g + 1/12*g**4. Give w(-3).
2
Let p(z) be the third derivative of -z**7/5040 - z**6/720 + z**5/20 + 3*z**2. Let s(r) be the third derivative of p(r). Calculate s(-6).
5
Let s(z) = z**3 - z**2 - 2*z. Let a be s(2). Let f(t) be the second derivative of 1/6*t**4 + a + t + 0*t**3 + 0*t**2. Give f(-1).
2
Let i(r) be the second derivative of 1/12*r**4 + 1/2*r**2 + 0*r**3 + 3*r + 0. Determine i(2).
5
Suppose -5*s + 4 = 2*y - 1, -5*s - 5*y = 10. Let l(q) = 6 - 2*q - s*q + 0 + 0*q + q**2. Give l(5).
6
Let y = -6 - -8. Let l(n) = n**2 + n + 2. Let j be l(-2). Let c(d) = -2 + 2 + d + d**3 - j*d**2 + d**2. Give c(y).
-2
Let q(d) be the first derivative of 5*d**2/2 + 5*d - 44. Give q(-2).
-5
Suppose -5*z - 4*c - 22 - 23 = 0, 4*c = -2*z - 18. Let x(o) = -o**2 - 8*o + 11. Let i be x(z). Let l be (2/(-3))/(i/6). Let p(w) = w**3 + 3*w**2. Give p(l).
4
Let h be (-1 + 2 - 3) + 4. Let q(n) = -4 - 5*n - 1 - n**h + n - n. Determine q(-4).
-1
Let t(k) be the second derivative of -k**3/6 - k**2 + 12*k. Give t(-7).
5
Let l(z) = 8*z**2 + 5*z + 9. Let c be (-4)/10 - 32/(-5). Let a(s) = -3*s**2 - 8 + 4*s**2 - 8*s**2 - 5*s. Let k(w) = c*a(w) + 5*l(w). Give k(-3).
-6
Let t(d) = -2*d + 1. Let g(a) = -2*a + 1. Let q(p) = 4*g(p) - 3*t(p). Determine q(1).
-1
Let t(u) = 0 - 2*u - 1 + 2. Let h = -182 + 186. Give t(h).
-7
Let b(z) = z + 4*z**3 + 4*z**3 + z**2 - 7*z**3 - 3. Give b(0).
-3
Let j(s) = -s**2 - 9*s + 2. Let v be j(-9). Let d(g) = -9*g. Determine d(v).
-18
Let c = -16 + 24. Let p be c/(-3)*6/(-4). Let i(a) = 0*a + a - 4*a + a**2. Determine i(p).
4
Let p(m) = -2 - 6 + 4 + 0 + 3*m. Give p(4).
8
Let n = -13 + 8. Let h(d) = -8 - 3*d + 9 + d**2 + 8*d. Give h(n).
1
Let h(y) = 58*y + 67*y - 126*y. Calculate h(6).
-6
Let m(b) be the third derivative of -b**5/60 - b**4/3 - 3*b**3/2 + 15*b**2. Calculate m(-7).
-2
Let c(j) be the second derivative of -j**3/6 - 4*j**2 - 11*j. What is c(-6)?
-2
Let y(c) be the second derivative of -c**5/20 - 7*c**4/12 + 7*c**3/6 - 4*c**2 + 14*c. Give y(-8).
0
Let c(d) be the third derivative of -d**5/60 - 5*d**4/24 - d**3 + 4*d**2. Let u = -24 + 19. What is c(u)?
-6
Let t(z) = -z - 1. Let n = -5 - -6. Let j = -1 + n. What is t(j)?
-1
Suppose 0*o = -2*o, -4*w = o. Suppose w*i = -4*b - 4*i + 36, 3*b - 33 = -5*i. Let m(n) = n**2 - 7*n + 1. Determine m(b).
-5
Let x(t) = -51*t - 55*t - 2 + 101*t. Suppose -u = -4*m - 3, 5*m - m = -5*u - 33. What is x(m)?
8
Let n(m) = -m**2. Let y(l) = 2*l**2 + 6*l + 2. Let k(v) = n(v) + y(v). Let c be ((-4)/3)/(1/3). Give k(c).
-6
Let p(g) = 2*g**2 - 1. Suppose -5*l = 5*f + 15, -13 = -4*f + 9*f + 3*l. Determine p(f).
7
Let b(k) = -4*k - 1. Suppose 0 = d + 2, 2 = 3*f + f - d. Suppose f = -r - 3*r. Let t be (1*(-1 + r))/1. Calculate b(t).
3
Let o(w) = 2*w**2 + 2*w - 4. Suppose y = 6*y + 5. Let k(f) = 3*f + 1. Let t be k(y). Let n be (-6)/(-4)*t + 0. Give o(n).
8
Let t(a) = -2*a + 7. Suppose 1 = d - 3*f - 10, -5 = d + 5*f. Calculate t(d).
-3
Let w(r) = 0 - 11 + 21*r - 22*r. Give w(-6).
-5
Let u(g) = 7*g**3 + g**2 - 1. Let q be (6/4)/3*12. Let a be (-3)/q*(0 + -8). Suppose -3 = -a*m + m. What is u(m)?
7
Let g(j) be the second derivative of -j**3/6 + 4*j. Give g(5).
-5
Let j(n) = -n + 11. Suppose -24 = -2*q - 2*i, 0 = -q - 9*i + 5*i + 24. Determine j(q).
3
Let m(c) = -3*c - 6 + 2 + 0*c - 2*c + 2*c**2. Determine m(4).
8
Let t(y) = y - 1. Suppose 5*l - l = -h + 10, 2*l = 2*h. Suppose h*o - 4 = -0. Suppose 0*q + o*q = 6. Calculate t(q).
2
Let y(x) = -x - 4. Let z be 0/(2 + -1*(0 + 1)). What is y(z)?
-4
Let d(h) = -7*h**2 + 4. Let i(j) = 15*j**2 - 9. Let t(k) = -7*d(k) - 3*i(k). Calculate t(1).
3
Suppose -6*u = -4*u - 2. Let z = u + -1. Let o(j) = -15*j**2 + 17*j**2 + 8 - 3*j**2 + 2*j**2. Give o(z).
8
Let q(f) = -7*f + 2*f**2 + 2*f**2 + 83*f**3 - 4 - 42*f**3 - 40*f**3. Calculate q(-5).
6
Let d(s) = -s - s**2 + 6*s + 0*s**2 - 4. Let b = 10 - 6. Let r(v) = -v**2 + 5*v. Let o be r(b). Give d(o).
0
Let y be (-2)/1 - 34/(-1). Suppose -5*d - 5*i = -15, -5*d + 4*i = -y - 10. Let q(g) = 6 - g**2 - d. What is q(0)?
0
Let o(q) = -q**3 + 6*q**2 - 4*q + 8. Suppose -3 = 6*w - 39. What is o(w)?
-16
Let s(n) be the first derivative of n**4/12 + 2*n**3/3 + 2*n**2 - n + 3. Let x(r) be the first derivative of s(r). What is x(-3)?
1
Let n(d) = 3*d - 14. Let q(x) = 7*x - 21. Let b(z) = 22*z - 63. Let w(g) = 2*b(g) - 7*q(g). Let a(m) = -8*n(m) - 5*w(m). What is a(-5)?
2
Let i(w) = 7*w + 5. Let u(a) = -13*a - 9. Let s(r) = 7*i(r) + 4*u(r). Determine s(1).
-4
Let a(v) be the first derivative of v**3/3 - 2*v**2 - 3*v - 24. Calculate a(5).
2
Suppose 4*s = q - 12, 2*q = -2*s + q - 6. Let p(o) = o**2 + 4*o. What is p(s)?
-3
Suppose -4*h - 7*h = -44. Let c(s) = -s**3 - s + 1. Let n(v) = -4*v**2 + 2*v - 2. Let b(m) = c(m) - n(m). Determine b(h).
-9
Let g = 4 - 4. Suppose 3*j - j = g. Let o(l) = -l - 2. What is o(j)?
-2
Let b(t) be the second derivative of -2*t + 1/3*t**3 + 0 + 3/2*t**2. Let g(s) = s + 2. Let y(o) = -4*b(o) + 7*g(o). Give y(0).
2
Let f(n) = -13 - n**2 - 2*n - 3*n + 2 + 6. What is f(-5)?
-5
Let t = 6 + -8. Let s = t - -3. Let i(v) = -2*v - v + v + 0*v + v**3 - s + 2*v**2. Give i(-3).
-4
Let b(i) = i + 7. Let x(v) = -8*v - 3. Let r be x(-1). What is b(r)?
12
Let c(h) be the first derivative of -4 - 1/3*h**3 - 5*h + 0*h**2. Determine c(0).
-5
Let i(l) = 2*l**2 + 4*l + 1. Let c(z) = 2*z + 1. Let p be c(-2). What is i(p)?
7
Let j = 114 + -111. Let n(w) be the second derivative of 1/3*w**j + 0 - 1/6*w**4 + 3/2*w**2 - 2*w - 1/20*w**5. What is n(-2)?
-1
Let j(d) be the first derivative of d**4/4 + 7*d**3/3 + 2*d**2 - 3*d - 12. Determine j(-6).
9
Suppose d - 3 = 2*d, 9 = -3*x - 3*d. Let c(g) be the first derivative of x*g + g**2 - 2 - g**3 + 1/4*g**4. Give c(2).
0
Let c(a) = a - 6. Suppose -f - 4 + 9 = 0. Give c(f).
-1
Suppose 0*y + 2*y = 0. Suppose 5*t = -y*t + 20. Suppose -4 = -5*a + 2*s, 4*a + 2*s - t = 4*s. Let v(r) = -r**3 + r - 6. Give v(a).
-6
Let w(k) = -6*k**2 + 2*k - 2 + 2*k**2 + 3*k**2. Let g(h) = -5*h - 4. Le